 756.
6
What is the remainder when 74720 is divided by 41?
18
Calculate the remainder when 6979 is divided by 155.
4
What is the remainder when 4724 is divided by 974?
828
What is the remainder when 68048 is divided by 205?
193
What is the remainder when 2137 is divided by 23?
21
What is the remainder when 9393 is divided by 369?
168
Calculate the remainder when 128093 is divided by 64042.
9
What is the remainder when 45651 is divided by 3?
0
What is the remainder when 2318 is divided by 425?
193
What is the remainder when 1752 is divided by 286?
36
What is the remainder when 4230 is divided by 801?
225
What is the remainder when 179265 is divided by 1338?
1311
What is the remainder when 12916 is divided by 221?
98
What is the remainder when 361609 is divided by 69?
49
Calculate the remainder when 137352 is divided by 14.
12
What is the remainder when 31254 is divided by 95?
94
What is the remainder when 3748 is divided by 119?
59
What is the remainder when 2091 is divided by 415?
16
What is the remainder when 94946 is divided by 1461?
1442
Calculate the remainder when 1419534 is divided by 9.
0
What is the remainder when 117231 is divided by 334?
331
What is the remainder when 3445 is divided by 835?
105
Calculate the remainder when 6893 is divided by 85.
8
Calculate the remainder when 163701 is divided by 718.
715
Calculate the remainder when 1837 is divided by 116.
97
Calculate the remainder when 32966 is divided by 32962.
4
Calculate the remainder when 572 is divided by 227.
118
What is the remainder when 22931 is divided by 11465?
1
What is the remainder when 209582 is divided by 69850?
32
What is the remainder when 5475 is divided by 5324?
151
Calculate the remainder when 170668 is divided by 64.
44
What is the remainder when 58317 is divided by 15?
12
Calculate the remainder when 20703 is divided by 1092.
1047
What is the remainder when 1563704 is divided by 217?
2
Calculate the remainder when 12656 is divided by 1582.
0
What is the remainder when 30054 is divided by 26?
24
Calculate the remainder when 1420 is divided by 129.
1
Calculate the remainder when 786 is divided by 208.
162
What is the remainder when 495 is divided by 414?
81
What is the remainder when 1320 is divided by 347?
279
What is the remainder when 40590 is divided by 50?
40
Calculate the remainder when 69426 is divided by 24.
18
Calculate the remainder when 18390 is divided by 575.
565
What is the remainder when 1704174 is divided by 852074?
26
What is the remainder when 114408 is divided by 110?
8
What is the remainder when 1095 is divided by 224?
199
What is the remainder when 32713 is divided by 60?
13
Calculate the remainder when 60279 is divided by 167.
159
What is the remainder when 176407 is divided by 65?
62
Calculate the remainder when 18511 is divided by 23.
19
Calculate the remainder when 20601 is divided by 20388.
213
Calculate the remainder when 57522 is divided by 737.
36
Calculate the remainder when 100320 is divided by 1056.
0
What is the remainder when 152500 is divided by 9530?
20
Calculate the remainder when 13909 is divided by 40.
29
What is the remainder when 27811 is divided by 9270?
1
What is the remainder when 1109199 is divided by 20?
19
What is the remainder when 3984 is divided by 1320?
24
Calculate the remainder when 2897 is divided by 948.
53
Calculate the remainder when 180394 is divided by 13.
6
What is the remainder when 2470334 is divided by 116?
114
What is the remainder when 1953 is divided by 118?
65
Calculate the remainder when 20161 is divided by 2228.
109
What is the remainder when 1437 is divided by 21?
9
What is the remainder when 18859 is divided by 701?
633
Calculate the remainder when 6982 is divided by 1392.
22
What is the remainder when 16784 is divided by 37?
23
Calculate the remainder when 2490 is divided by 570.
210
What is the remainder when 19895 is divided by 101?
99
What is the remainder when 1045152 is divided by 916?
912
What is the remainder when 42449 is divided by 285?
269
What is the remainder when 65216 is divided by 1918?
4
Calculate the remainder when 12321 is divided by 647.
28
What is the remainder when 8062 is divided by 448?
446
Calculate the remainder when 297767 is divided by 5.
2
Calculate the remainder when 958575 is divided by 331.
330
Calculate the remainder when 73716 is divided by 276.
24
Calculate the remainder when 77552 is divided by 15507.
17
What is the remainder when 13049 is divided by 77?
36
Calculate the remainder when 566671 is divided by 97.
94
Calculate the remainder when 9526 is divided by 1232.
902
Calculate the remainder when 10592 is divided by 3257.
821
Calculate the remainder when 1235 is divided by 293.
63
Calculate the remainder when 363 is divided by 110.
33
What is the remainder when 77915 is divided by 258?
257
Calculate the remainder when 19744 is divided by 19732.
12
Calculate the remainder when 12092 is divided by 40.
12
Calculate the remainder when 28828 is divided by 316.
72
What is the remainder when 404469 is divided by 334?
329
Calculate the remainder when 19023 is divided by 1602.
1401
What is the remainder when 3233 is divided by 174?
101
Calculate the remainder when 1259194 is divided by 114471.
13
Calculate the remainder when 31591 is divided by 602.
287
Calculate the remainder when 19468 is divided by 2163.
1
Calculate the remainder when 83396 is divided by 41671.
54
Calculate the remainder when 227084 is divided by 17.
15
What is the remainder when 60176 is divided by 60?
56
Calculate the remainder when 26343 is divided by 43.
27
Calculate the remainder when 8688 is divided by 1721.
83
Calculate the remainder when 2516 is divided by 125.
16
What is the remainder when 7242 is divided by 47?
4
Calculate the remainder when 15171 is divided by 38.
9
Calculate the remainder when 2101 is divided by 64.
53
What is the remainder when 523 is divided by 516?
7
What is the remainder when 5772 is divided by 1678?
738
What is the remainder when 314293 is divided by 26190?
13
Calculate the remainder when 36626 is divided by 18.
14
Calculate the remainder when 12871 is divided by 163.
157
Calculate the remainder when 32166 is divided by 1285.
41
What is the remainder when 31689 is divided by 323?
35
Calculate the remainder when 13144 is divided by 916.
320
What is the remainder when 2374 is divided by 12?
10
What is the remainder when 276585 is divided by 591?
588
What is the remainder when 4147 is divided by 4118?
29
What is the remainder when 968475 is divided by 64565?
0
What is the remainder when 165543 is divided by 113?
111
What is the remainder when 3939 is divided by 1028?
855
Calculate the remainder when 9978 is divided by 44.
34
Calculate the remainder when 61902 is divided by 755.
747
Calculate the remainder when 6956 is divided by 1127.
194
What is the remainder when 89165 is divided by 579?
578
Calculate the remainder when 4762 is divided by 159.
151
What is the remainder when 1093161 is divided by 791?
790
What is the remainder when 43405 is divided by 43382?
23
Calculate the remainder when 38354 is divided by 2379.
290
Calculate the remainder when 77263 is divided by 474.
1
What is the remainder when 36705 is divided by 18331?
43
Calculate the remainder when 3610489 is divided by 130.
129
What is the remainder when 14855 is divided by 236?
223
Calculate the remainder when 56060 is divided by 28030.
0
What is the remainder when 4126 is divided by 585?
31
What is the remainder when 77937 is divided by 1237?
6
Calculate the remainder when 2381 is divided by 43.
16
What is the remainder when 703 is divided by 210?
73
What is the remainder when 536 is divided by 76?
4
What is the remainder when 1572558 is divided by 110?
108
Calculate the remainder when 34636 is divided by 174.
10
Calculate the remainder when 13250 is divided by 1104.
2
Calculate the remainder when 24737 is divided by 47.
15
What is the remainder when 10986 is divided by 360?
186
Calculate the remainder when 278 is divided by 114.
50
What is the remainder when 1339 is divided by 1258?
81
What is the remainder when 11281 is divided by 2814?
25
Calculate the remainder when 25443 is divided by 8403.
234
Calculate the remainder when 3380 is divided by 188.
184
What is the remainder when 972 is div